{"id":876,"date":"2020-07-03T05:33:50","date_gmt":"2020-07-03T05:33:50","guid":{"rendered":"https:\/\/intranet.consenso.com.ec\/?page_id=876"},"modified":"2023-12-21T15:33:25","modified_gmt":"2023-12-21T15:33:25","slug":"tutorial-gsuite","status":"publish","type":"page","link":"https:\/\/intranet.consensocorp.com\/?page_id=876","title":{"rendered":"Microsoft 365"},"content":{"rendered":"\t\t<div data-elementor-type=\"wp-page\" data-elementor-id=\"876\" class=\"elementor elementor-876\" data-elementor-post-type=\"page\">\n\t\t\t\t<div class=\"elementor-element elementor-element-ca8a53c e-con-full e-flex e-con e-parent\" data-id=\"ca8a53c\" data-element_type=\"container\" data-e-type=\"container\" data-settings=\"{&quot;background_background&quot;:&quot;classic&quot;}\">\n\t\t<div class=\"elementor-element elementor-element-496c46a e-con-full e-flex e-con e-child\" data-id=\"496c46a\" data-element_type=\"container\" data-e-type=\"container\">\n\t\t\t\t<div class=\"elementor-element elementor-element-a3d913b elementor-widget elementor-widget-text-editor\" data-id=\"a3d913b\" data-element_type=\"widget\" data-e-type=\"widget\" data-widget_type=\"text-editor.default\">\n\t\t\t\t<div class=\"elementor-widget-container\">\n\t\t\t\t\t\t\t\t\t<h1 style=\"text-align: center;\"><span style=\"color: #ffffff;\">Tutorial Microsoft 365<br \/><\/span><\/h1>\t\t\t\t\t\t\t\t<\/div>\n\t\t\t\t<\/div>\n\t\t\t\t<\/div>\n\t\t\t\t<\/div>\n\t\t<div class=\"elementor-element elementor-element-7afb15b e-flex e-con-boxed e-con e-parent\" data-id=\"7afb15b\" data-element_type=\"container\" data-e-type=\"container\">\n\t\t\t\t\t<div class=\"e-con-inner\">\n\t\t<div class=\"elementor-element elementor-element-62433d3 e-con-full e-flex e-con e-child\" data-id=\"62433d3\" data-element_type=\"container\" data-e-type=\"container\">\n\t\t<div class=\"elementor-element elementor-element-6cba0bf e-flex e-con-boxed e-con e-child\" data-id=\"6cba0bf\" data-element_type=\"container\" data-e-type=\"container\">\n\t\t\t\t\t<div class=\"e-con-inner\">\n\t\t\t\t<div class=\"elementor-element elementor-element-d5a4884 elementor-widget elementor-widget-text-editor\" data-id=\"d5a4884\" data-element_type=\"widget\" data-e-type=\"widget\" data-widget_type=\"text-editor.default\">\n\t\t\t\t<div class=\"elementor-widget-container\">\n\t\t\t\t\t\t\t\t\t<p><span style=\"font-family: Arial, sans-serif;\">Con Microsoft 365 puedes tener siempre a la mano tus documentos, realizar presentaciones, crear hojas de c\u00e1lculo o reuniones en l\u00ednea. Aprende <span style=\"color: #3366ff;\"><a style=\"color: #3366ff;\" href=\"https:\/\/support.microsoft.com\/es-ES\/training?WT.mc_id=365AdminCSH_inproduct\" target=\"_blank\" rel=\"noopener\">aqu\u00ed<\/a><\/span> c\u00f3mo puedes integrar todas est\u00e1s aplicaciones en tus labores diarias.<\/span><\/p>\t\t\t\t\t\t\t\t<\/div>\n\t\t\t\t<\/div>\n\t\t\t\t\t<\/div>\n\t\t\t\t<\/div>\n\t\t<div class=\"elementor-element elementor-element-d099f63 e-flex e-con-boxed e-con e-child\" data-id=\"d099f63\" data-element_type=\"container\" data-e-type=\"container\">\n\t\t\t\t\t<div class=\"e-con-inner\">\n\t\t<div class=\"elementor-element elementor-element-fe077d7 e-con-full e-flex e-con e-child\" data-id=\"fe077d7\" data-element_type=\"container\" data-e-type=\"container\">\n\t\t\t\t<div class=\"elementor-element elementor-element-bff000d elementor-widget__width-auto elementor-widget-mobile__width-auto elementor-widget elementor-widget-image\" data-id=\"bff000d\" data-element_type=\"widget\" data-e-type=\"widget\" data-widget_type=\"image.default\">\n\t\t\t\t<div class=\"elementor-widget-container\">\n\t\t\t\t\t\t\t\t\t\t\t\t<figure class=\"wp-caption\">\n\t\t\t\t\t\t\t\t\t\t\t<a href=\"https:\/\/support.microsoft.com\/es-es\/office\/v%C3%ADdeo-de-aprendizaje-de-onedrive-1f608184-b7e6-43ca-8753-2ff679203132\" target=\"_blank\">\n\t\t\t\t\t\t\t<img fetchpriority=\"high\" decoding=\"async\" width=\"256\" height=\"256\" src=\"https:\/\/intranet.consensocorp.com\/wp-content\/uploads\/2023\/08\/logoOneDrive.png\" class=\"attachment-full size-full wp-image-13750\" alt=\"\" srcset=\"https:\/\/intranet.consensocorp.com\/wp-content\/uploads\/2023\/08\/logoOneDrive.png 256w, https:\/\/intranet.consensocorp.com\/wp-content\/uploads\/2023\/08\/logoOneDrive-150x150.png 150w, https:\/\/intranet.consensocorp.com\/wp-content\/uploads\/2023\/08\/logoOneDrive-51x51.png 51w, https:\/\/intranet.consensocorp.com\/wp-content\/uploads\/2023\/08\/elementor\/thumbs\/logoOneDrive-qbn8jrb9y0czkcvnbhtrnsktd6908l8xbbqsnuggow.png 64w, https:\/\/intranet.consensocorp.com\/wp-content\/uploads\/2023\/08\/elementor\/thumbs\/logoOneDrive-qbn8jrb9jz5bulgupfy6zg5c8favv87w8cocali5hc.png 32w\" sizes=\"(max-width: 256px) 100vw, 256px\" \/>\t\t\t\t\t\t\t\t<\/a>\n\t\t\t\t\t\t\t\t\t\t\t<figcaption class=\"widget-image-caption wp-caption-text\">OneDrive<\/figcaption>\n\t\t\t\t\t\t\t\t\t\t<\/figure>\n\t\t\t\t\t\t\t\t\t<\/div>\n\t\t\t\t<\/div>\n\t\t\t\t<\/div>\n\t\t<div class=\"elementor-element elementor-element-84028fa e-con-full e-flex e-con e-child\" data-id=\"84028fa\" data-element_type=\"container\" data-e-type=\"container\">\n\t\t\t\t<div class=\"elementor-element elementor-element-33eb9f3 elementor-widget__width-auto elementor-widget-mobile__width-auto elementor-widget elementor-widget-image\" data-id=\"33eb9f3\" data-element_type=\"widget\" data-e-type=\"widget\" data-widget_type=\"image.default\">\n\t\t\t\t<div class=\"elementor-widget-container\">\n\t\t\t\t\t\t\t\t\t\t\t\t<figure class=\"wp-caption\">\n\t\t\t\t\t\t\t\t\t\t\t<a href=\"https:\/\/support.microsoft.com\/es-es\/office\/formaci%C3%B3n-en-v%C3%ADdeo-de-microsoft-teams-4f108e54-240b-4351-8084-b1089f0d21d7\" target=\"_blank\">\n\t\t\t\t\t\t\t<img decoding=\"async\" width=\"150\" height=\"150\" src=\"https:\/\/intranet.consensocorp.com\/wp-content\/uploads\/2023\/08\/logoTeams-150x150.png\" class=\"attachment-thumbnail size-thumbnail wp-image-13754\" alt=\"\" srcset=\"https:\/\/intranet.consensocorp.com\/wp-content\/uploads\/2023\/08\/logoTeams-150x150.png 150w, https:\/\/intranet.consensocorp.com\/wp-content\/uploads\/2023\/08\/logoTeams-51x51.png 51w, https:\/\/intranet.consensocorp.com\/wp-content\/uploads\/2023\/08\/elementor\/thumbs\/logoTeams-qbn8jt6ybofk7ksx0in0ss3qjxzqnzgdzl1rmedocg.png 64w, https:\/\/intranet.consensocorp.com\/wp-content\/uploads\/2023\/08\/logoTeams.png 256w\" sizes=\"(max-width: 150px) 100vw, 150px\" \/>\t\t\t\t\t\t\t\t<\/a>\n\t\t\t\t\t\t\t\t\t\t\t<figcaption class=\"widget-image-caption wp-caption-text\">Microsoft Teams<\/figcaption>\n\t\t\t\t\t\t\t\t\t\t<\/figure>\n\t\t\t\t\t\t\t\t\t<\/div>\n\t\t\t\t<\/div>\n\t\t\t\t<\/div>\n\t\t<div class=\"elementor-element elementor-element-cdf90ee e-con-full e-flex e-con e-child\" data-id=\"cdf90ee\" data-element_type=\"container\" data-e-type=\"container\">\n\t\t\t\t<div class=\"elementor-element elementor-element-d02ba49 elementor-widget__width-auto elementor-widget-mobile__width-auto elementor-widget elementor-widget-image\" data-id=\"d02ba49\" data-element_type=\"widget\" data-e-type=\"widget\" data-widget_type=\"image.default\">\n\t\t\t\t<div class=\"elementor-widget-container\">\n\t\t\t\t\t\t\t\t\t\t\t\t<figure class=\"wp-caption\">\n\t\t\t\t\t\t\t\t\t\t\t<a href=\"https:\/\/support.microsoft.com\/es-es\/office\/aprendizaje-de-outlook-8a5b816d-9052-4190-a5eb-494512343cca\" target=\"_blank\">\n\t\t\t\t\t\t\t<img decoding=\"async\" width=\"256\" height=\"256\" src=\"https:\/\/intranet.consensocorp.com\/wp-content\/uploads\/2023\/08\/logoOutlook.png\" class=\"attachment-full size-full wp-image-13753\" alt=\"\" srcset=\"https:\/\/intranet.consensocorp.com\/wp-content\/uploads\/2023\/08\/logoOutlook.png 256w, https:\/\/intranet.consensocorp.com\/wp-content\/uploads\/2023\/08\/logoOutlook-150x150.png 150w, https:\/\/intranet.consensocorp.com\/wp-content\/uploads\/2023\/08\/logoOutlook-51x51.png 51w, https:\/\/intranet.consensocorp.com\/wp-content\/uploads\/2023\/08\/elementor\/thumbs\/logoOutlook-qbn8jt6ybofk7ksx0in0ss3qjxzqnzgdzl1rmedocg.png 64w\" sizes=\"(max-width: 256px) 100vw, 256px\" \/>\t\t\t\t\t\t\t\t<\/a>\n\t\t\t\t\t\t\t\t\t\t\t<figcaption class=\"widget-image-caption wp-caption-text\">Outlook<\/figcaption>\n\t\t\t\t\t\t\t\t\t\t<\/figure>\n\t\t\t\t\t\t\t\t\t<\/div>\n\t\t\t\t<\/div>\n\t\t\t\t<\/div>\n\t\t<div class=\"elementor-element elementor-element-1e0904d e-con-full e-flex e-con e-child\" data-id=\"1e0904d\" data-element_type=\"container\" data-e-type=\"container\">\n\t\t\t\t<div class=\"elementor-element elementor-element-75bf4ac elementor-widget__width-auto elementor-widget elementor-widget-image\" data-id=\"75bf4ac\" data-element_type=\"widget\" data-e-type=\"widget\" data-widget_type=\"image.default\">\n\t\t\t\t<div class=\"elementor-widget-container\">\n\t\t\t\t\t\t\t\t\t\t\t\t<figure class=\"wp-caption\">\n\t\t\t\t\t\t\t\t\t\t\t<a href=\"https:\/\/support.microsoft.com\/es-es\/office\/aprendizajes-en-v%C3%ADdeo-de-excel-9bc05390-e94c-46af-a5b3-d7c22f6990bb\" target=\"_blank\">\n\t\t\t\t\t\t\t<img loading=\"lazy\" decoding=\"async\" width=\"256\" height=\"256\" src=\"https:\/\/intranet.consensocorp.com\/wp-content\/uploads\/2023\/08\/logoExcel.png\" class=\"attachment-full size-full wp-image-13751\" alt=\"\" srcset=\"https:\/\/intranet.consensocorp.com\/wp-content\/uploads\/2023\/08\/logoExcel.png 256w, https:\/\/intranet.consensocorp.com\/wp-content\/uploads\/2023\/08\/logoExcel-150x150.png 150w, https:\/\/intranet.consensocorp.com\/wp-content\/uploads\/2023\/08\/logoExcel-51x51.png 51w, https:\/\/intranet.consensocorp.com\/wp-content\/uploads\/2023\/08\/elementor\/thumbs\/logoExcel-qbn8js944ue9vyua608e8ac9yk4dgacnngea54f2io.png 64w\" sizes=\"(max-width: 256px) 100vw, 256px\" \/>\t\t\t\t\t\t\t\t<\/a>\n\t\t\t\t\t\t\t\t\t\t\t<figcaption class=\"widget-image-caption wp-caption-text\">Excel<\/figcaption>\n\t\t\t\t\t\t\t\t\t\t<\/figure>\n\t\t\t\t\t\t\t\t\t<\/div>\n\t\t\t\t<\/div>\n\t\t\t\t<\/div>\n\t\t<div class=\"elementor-element elementor-element-a2616e6 e-con-full e-flex e-con e-child\" data-id=\"a2616e6\" data-element_type=\"container\" data-e-type=\"container\">\n\t\t\t\t<div class=\"elementor-element elementor-element-907f83b elementor-widget__width-auto elementor-widget-mobile__width-auto elementor-widget elementor-widget-image\" data-id=\"907f83b\" data-element_type=\"widget\" data-e-type=\"widget\" data-widget_type=\"image.default\">\n\t\t\t\t<div class=\"elementor-widget-container\">\n\t\t\t\t\t\t\t\t\t\t\t\t<figure class=\"wp-caption\">\n\t\t\t\t\t\t\t\t\t\t\t<a href=\"https:\/\/support.microsoft.com\/es-es\/office\/aprendizaje-de-word-para-windows-7bcd85e6-2c3d-4c3c-a2a5-5ed8847eae73\" target=\"_blank\">\n\t\t\t\t\t\t\t<img loading=\"lazy\" decoding=\"async\" width=\"256\" height=\"256\" src=\"https:\/\/intranet.consensocorp.com\/wp-content\/uploads\/2023\/08\/logoWord.png\" class=\"attachment-full size-full wp-image-13749\" alt=\"\" srcset=\"https:\/\/intranet.consensocorp.com\/wp-content\/uploads\/2023\/08\/logoWord.png 256w, https:\/\/intranet.consensocorp.com\/wp-content\/uploads\/2023\/08\/logoWord-150x150.png 150w, https:\/\/intranet.consensocorp.com\/wp-content\/uploads\/2023\/08\/logoWord-51x51.png 51w, https:\/\/intranet.consensocorp.com\/wp-content\/uploads\/2023\/08\/elementor\/thumbs\/logoWord-qbn8jrb9y0czkcvnbhtrnsktd6908l8xbbqsnuggow.png 64w\" sizes=\"(max-width: 256px) 100vw, 256px\" \/>\t\t\t\t\t\t\t\t<\/a>\n\t\t\t\t\t\t\t\t\t\t\t<figcaption class=\"widget-image-caption wp-caption-text\">Word<\/figcaption>\n\t\t\t\t\t\t\t\t\t\t<\/figure>\n\t\t\t\t\t\t\t\t\t<\/div>\n\t\t\t\t<\/div>\n\t\t\t\t<\/div>\n\t\t<div class=\"elementor-element elementor-element-72df66f e-con-full e-flex e-con e-child\" data-id=\"72df66f\" data-element_type=\"container\" data-e-type=\"container\">\n\t\t\t\t<div class=\"elementor-element elementor-element-188b83e elementor-widget__width-auto elementor-widget elementor-widget-image\" data-id=\"188b83e\" data-element_type=\"widget\" data-e-type=\"widget\" data-widget_type=\"image.default\">\n\t\t\t\t<div class=\"elementor-widget-container\">\n\t\t\t\t\t\t\t\t\t\t\t\t<figure class=\"wp-caption\">\n\t\t\t\t\t\t\t\t\t\t\t<a href=\"https:\/\/support.microsoft.com\/es-es\/office\/aprendizaje-de-powerpoint-para-windows-40e8c930-cb0b-40d8-82c4-bd53d3398787\" target=\"_blank\">\n\t\t\t\t\t\t\t<img loading=\"lazy\" decoding=\"async\" width=\"256\" height=\"256\" src=\"https:\/\/intranet.consensocorp.com\/wp-content\/uploads\/2023\/08\/logoPowerPoint.png\" class=\"attachment-full size-full wp-image-13752\" alt=\"\" srcset=\"https:\/\/intranet.consensocorp.com\/wp-content\/uploads\/2023\/08\/logoPowerPoint.png 256w, https:\/\/intranet.consensocorp.com\/wp-content\/uploads\/2023\/08\/logoPowerPoint-150x150.png 150w, https:\/\/intranet.consensocorp.com\/wp-content\/uploads\/2023\/08\/logoPowerPoint-51x51.png 51w, https:\/\/intranet.consensocorp.com\/wp-content\/uploads\/2023\/08\/elementor\/thumbs\/logoPowerPoint-qbn8js944ue9vyua608e8ac9yk4dgacnngea54f2io.png 64w\" sizes=\"(max-width: 256px) 100vw, 256px\" \/>\t\t\t\t\t\t\t\t<\/a>\n\t\t\t\t\t\t\t\t\t\t\t<figcaption class=\"widget-image-caption wp-caption-text\">PowerPoint<\/figcaption>\n\t\t\t\t\t\t\t\t\t\t<\/figure>\n\t\t\t\t\t\t\t\t\t<\/div>\n\t\t\t\t<\/div>\n\t\t\t\t<\/div>\n\t\t\t\t\t<\/div>\n\t\t\t\t<\/div>\n\t\t\t\t<div class=\"elementor-element elementor-element-1712e0e elementor-widget elementor-widget-text-editor\" data-id=\"1712e0e\" data-element_type=\"widget\" data-e-type=\"widget\" data-widget_type=\"text-editor.default\">\n\t\t\t\t<div class=\"elementor-widget-container\">\n\t\t\t\t\t\t\t\t\t<div><strong>Links de soporte<\/strong><\/div><div><a href=\"https:\/\/support.microsoft.com\/es-es\/office\/inicios-r%C3%A1pidos-de-microsoft-365-25f909da-3e76-443d-94f4-6cdf7dedc51e\" target=\"_blank\" rel=\"noopener\"><span style=\"color: #1147d9;\"><span style=\"color: #0000ff;\">Productividad de Microsoft 365<\/span><\/span><\/a><br \/><span style=\"color: #0000ff;\"><a style=\"color: #0000ff;\" href=\"https:\/\/support.microsoft.com\/es-es\/office\/familiarizarse-con-outlook-en-la-web-3f1a229b-0d60-438f-b515-dd7a28026bc1\" target=\"_blank\" rel=\"noopener\">Microsoft Outlook<\/a><\/span><br \/><span style=\"color: #0000ff;\"><a style=\"color: #0000ff;\" href=\"https:\/\/support.microsoft.com\/es-es\/teams\" target=\"_blank\" rel=\"noopener\">Microsoft Teams<\/a><\/span><br \/><span style=\"color: #0000ff;\"><a style=\"color: #0000ff;\" href=\"https:\/\/adoption.microsoft.com\/es-es\/microsoft-365\/\" target=\"_blank\" rel=\"noopener\">Adopci\u00f3n a las herramientas de Microsoft 365<\/a><\/span><\/div><div><span style=\"color: #0000ff;\"><a style=\"color: #0000ff;\" href=\"#elementor-action%3Aaction%3Dpopup%3Aopen%26settings%3DeyJpZCI6IjE0ODYyIiwidG9nZ2xlIjpmYWxzZX0%3D\">Implementaci\u00f3n de M\u00faltiple Factor de Autenticaci\u00f3n &#8211; MFA<\/a><\/span><\/div><div>\u00a0<\/div>\t\t\t\t\t\t\t\t<\/div>\n\t\t\t\t<\/div>\n\t\t\t\t<\/div>\n\t\t<div class=\"elementor-element elementor-element-b57d389 e-con-full e-flex e-con e-child\" data-id=\"b57d389\" data-element_type=\"container\" data-e-type=\"container\" data-settings=\"{&quot;background_background&quot;:&quot;classic&quot;}\">\n\t\t<div class=\"elementor-element elementor-element-6e10b79 e-con-full e-flex e-con e-child\" data-id=\"6e10b79\" data-element_type=\"container\" data-e-type=\"container\" data-settings=\"{&quot;background_background&quot;:&quot;classic&quot;}\">\n\t\t\t\t<div class=\"elementor-element elementor-element-bf140ef elementor-widget elementor-widget-image\" data-id=\"bf140ef\" data-element_type=\"widget\" data-e-type=\"widget\" data-widget_type=\"image.default\">\n\t\t\t\t<div class=\"elementor-widget-container\">\n\t\t\t\t\t\t\t\t\t\t\t\t\t\t\t<img loading=\"lazy\" decoding=\"async\" width=\"220\" height=\"150\" src=\"https:\/\/intranet.consensocorp.com\/wp-content\/uploads\/2020\/07\/sobreINFOMEX.jpg\" class=\"attachment-full size-full wp-image-834\" alt=\"\" \/>\t\t\t\t\t\t\t\t\t\t\t\t\t\t\t<\/div>\n\t\t\t\t<\/div>\n\t\t\t\t<div class=\"elementor-element elementor-element-8895852 elementor-widget elementor-widget-text-editor\" data-id=\"8895852\" data-element_type=\"widget\" data-e-type=\"widget\" data-widget_type=\"text-editor.default\">\n\t\t\t\t<div class=\"elementor-widget-container\">\n\t\t\t\t\t\t\t\t\t<p><span style=\"color: #808080;\"><a style=\"color: #808080;\" href=\"https:\/\/intranet.consenso.com.ec\/nuestra-historia\/\"><strong>SOBRE GRUPO CONSENSO<\/strong><\/a><\/span><\/p>\t\t\t\t\t\t\t\t<\/div>\n\t\t\t\t<\/div>\n\t\t\t\t<div class=\"elementor-element elementor-element-3fb58cd elementor-widget elementor-widget-text-editor\" data-id=\"3fb58cd\" data-element_type=\"widget\" data-e-type=\"widget\" data-widget_type=\"text-editor.default\">\n\t\t\t\t<div class=\"elementor-widget-container\">\n\t\t\t\t\t\t\t\t\t<p>Tu opini\u00f3n nos interesa <span style=\"color: #1c6eb5;\"><strong><a style=\"color: #1c6eb5;\" href=\"mailto: comunicacion@consenso.com.ec\">escr\u00edbenos<\/a><\/strong><\/span><\/p>\t\t\t\t\t\t\t\t<\/div>\n\t\t\t\t<\/div>\n\t\t\t\t<div class=\"elementor-element elementor-element-2176f2e elementor-widget elementor-widget-text-editor\" data-id=\"2176f2e\" data-element_type=\"widget\" data-e-type=\"widget\" data-widget_type=\"text-editor.default\">\n\t\t\t\t<div class=\"elementor-widget-container\">\n\t\t\t\t\t\t\t\t\t<p><span style=\"color: #1c6eb5;\"><strong>LINKS<\/strong><\/span><\/p><p style=\"padding-left: 40px;\"><span style=\"color: #808080;\"><a style=\"color: #808080;\" href=\"https:\/\/intranet.consenso.com.ec\/servicios\/\">Otros servicios<\/a><\/span><\/p>\t\t\t\t\t\t\t\t<\/div>\n\t\t\t\t<\/div>\n\t\t\t\t<div class=\"elementor-element elementor-element-6f5aba3 elementor-widget elementor-widget-button\" data-id=\"6f5aba3\" data-element_type=\"widget\" data-e-type=\"widget\" data-widget_type=\"button.default\">\n\t\t\t\t<div class=\"elementor-widget-container\">\n\t\t\t\t\t\t\t\t\t<div class=\"elementor-button-wrapper\">\n\t\t\t\t\t<a class=\"elementor-button elementor-button-link elementor-size-sm\" href=\"https:\/\/login.microsoftonline.com\/\" target=\"_blank\">\n\t\t\t\t\t\t<span class=\"elementor-button-content-wrapper\">\n\t\t\t\t\t\t<span class=\"elementor-button-icon\">\n\t\t\t\t<svg aria-hidden=\"true\" class=\"e-font-icon-svg e-fas-arrow-right\" viewBox=\"0 0 448 512\" xmlns=\"http:\/\/www.w3.org\/2000\/svg\"><path d=\"M190.5 66.9l22.2-22.2c9.4-9.4 24.6-9.4 33.9 0L441 239c9.4 9.4 9.4 24.6 0 33.9L246.6 467.3c-9.4 9.4-24.6 9.4-33.9 0l-22.2-22.2c-9.5-9.5-9.3-25 .4-34.3L311.4 296H24c-13.3 0-24-10.7-24-24v-32c0-13.3 10.7-24 24-24h287.4L190.9 101.2c-9.8-9.3-10-24.8-.4-34.3z\"><\/path><\/svg>\t\t\t<\/span>\n\t\t\t\t\t\t\t\t\t<span class=\"elementor-button-text\">INGRESAR<\/span>\n\t\t\t\t\t<\/span>\n\t\t\t\t\t<\/a>\n\t\t\t\t<\/div>\n\t\t\t\t\t\t\t\t<\/div>\n\t\t\t\t<\/div>\n\t\t\t\t<\/div>\n\t\t\t\t<\/div>\n\t\t\t\t\t<\/div>\n\t\t\t\t<\/div>\n\t\t\t\t<\/div>\n\t\t","protected":false},"excerpt":{"rendered":"<p>Tutorial Microsoft 365 Con Microsoft 365 puedes tener siempre a la mano tus documentos, realizar presentaciones, crear hojas de c\u00e1lculo o reuniones en l\u00ednea. Aprende aqu\u00ed c\u00f3mo puedes integrar todas est\u00e1s aplicaciones en tus labores diarias. OneDrive Microsoft Teams Outlook Excel Word PowerPoint Links de soporteProductividad de Microsoft 365Microsoft OutlookMicrosoft TeamsAdopci\u00f3n a las herramientas de [&hellip;]<\/p>\n","protected":false},"author":1,"featured_media":0,"parent":0,"menu_order":0,"comment_status":"closed","ping_status":"closed","template":"elementor_header_footer","meta":{"footnotes":""},"class_list":["post-876","page","type-page","status-publish","hentry"],"_links":{"self":[{"href":"https:\/\/intranet.consensocorp.com\/index.php?rest_route=\/wp\/v2\/pages\/876","targetHints":{"allow":["GET"]}}],"collection":[{"href":"https:\/\/intranet.consensocorp.com\/index.php?rest_route=\/wp\/v2\/pages"}],"about":[{"href":"https:\/\/intranet.consensocorp.com\/index.php?rest_route=\/wp\/v2\/types\/page"}],"author":[{"embeddable":true,"href":"https:\/\/intranet.consensocorp.com\/index.php?rest_route=\/wp\/v2\/users\/1"}],"replies":[{"embeddable":true,"href":"https:\/\/intranet.consensocorp.com\/index.php?rest_route=%2Fwp%2Fv2%2Fcomments&post=876"}],"version-history":[{"count":148,"href":"https:\/\/intranet.consensocorp.com\/index.php?rest_route=\/wp\/v2\/pages\/876\/revisions"}],"predecessor-version":[{"id":14872,"href":"https:\/\/intranet.consensocorp.com\/index.php?rest_route=\/wp\/v2\/pages\/876\/revisions\/14872"}],"wp:attachment":[{"href":"https:\/\/intranet.consensocorp.com\/index.php?rest_route=%2Fwp%2Fv2%2Fmedia&parent=876"}],"curies":[{"name":"wp","href":"https:\/\/api.w.org\/{rel}","templated":true}]}}